= 2*f, 205 = -0*i + 2*i + 3*f. What is the units digit of i?
4
Let z be 1 + 15/(-5) + 9. Suppose 5 = 5*o, x - 28 = -o - 4*o. Suppose -z*i + 5 = -x. What is the units digit of i?
4
Suppose 0 = -6*g + 3*g + 33. Suppose 0 = -2*o + g - 7. Suppose -y + o*h + 41 = -2*h, 0 = 2*y + 4*h - 58. What is the tens digit of y?
3
Suppose -l - 2*l = 4*f - 6, -3*f = -l + 2. Suppose f = 7*t + 141 - 708. What is the tens digit of t?
8
Suppose -4*y = -t - 935, 4*t = -3*y + 614 + 73. What is the units digit of y?
3
Let h be (-6 + (-48)/(-4))*17/2. Suppose -5*i + 4*i = -h. What is the units digit of i?
1
Suppose -5*t - 83 = 5*n - 203, -4*t - 9 = -n. Suppose -n = 3*d - 501. What is the tens digit of d?
6
Let t = 6 - 0. What is the tens digit of t*(-8)/12 - -35?
3
Let k(h) = 2*h + 14. Let v be k(-6). Suppose -4*y + 5*s + v = -1, -4*y = 4*s + 24. What is the units digit of ((-20)/6)/(y/27)?
0
Suppose -18 - 9 = -z. Let c be 386/(-3)*z/(-18). Suppose c = 3*i - 0*a - 2*a, 5*a + 25 = 0. What is the units digit of i?
1
Let b(y) = 93*y - 7. Let t be b(12). Let v = -785 + t. What is the tens digit of v?
2
Suppose 3*k - 44 = -k. Let t = k + -24. Let l = 14 + t. What is the units digit of l?
1
Let c = 11 - 8. Suppose c*n - 20 = -n. Let o(g) = 4*g - 9. What is the tens digit of o(n)?
1
Let b(f) = -638*f**3 + 6*f**2 + 2*f + 2. What is the hundreds digit of b(-1)?
6
Let s = 36 - 35. What is the tens digit of (-284)/16*(-5 + s)?
7
Let l(p) = 2*p**2 - 4*p + 7. Let s be l(5). Let w = s - -3. What is the tens digit of w?
4
Let h(j) = -j**3 - 18*j**2 + 45*j - 22. Let a be h(-22). Suppose a = 14*p - 11*p. What is the tens digit of p?
0
Let w = -1 + 14. Let y = w + -11. Suppose -7*z + y*z = -285. What is the tens digit of z?
5
Suppose g - d = 2, -5*g = -2*d - d - 14. Let r = g + -1. What is the tens digit of 6 + -3 + (41 - r)?
4
Suppose 0*z + 8*z - 192 = 0. Suppose z*q = 25*q - 23. What is the tens digit of q?
2
Suppose 0 = 29*z + 11738 - 42159. What is the thousands digit of z?
1
Let f be 22/(2/(-8)*-1). Suppose 0 = 52*g - 50*g - f. What is the tens digit of g?
4
Let x = 2 + 299. Suppose -4*n + x + 219 = 0. What is the hundreds digit of n?
1
Suppose 163*n + 59831 = 182*n. What is the tens digit of n?
4
Suppose -5*q + 21925 = 2*o, 4*q - 2*q + 2*o = 8770. What is the hundreds digit of q?
3
Let r(p) = -p**3 - p**2 - 7*p + 2342. What is the thousands digit of r(0)?
2
Let m = 183 - 169. What is the units digit of m?
4
Let o = 61 + -58. Suppose 9 = -o*n - 2*k + 28, -2*n + 21 = 3*k. What is the units digit of n?
3
What is the thousands digit of (-2)/3*5/((-70)/72723)?
3
Let s(q) = -1 + 2*q + 0*q + 3*q - 3*q. Let h(j) = 4*j**2 - 1. Let x be h(1). What is the units digit of s(x)?
5
Suppose -2*o + 3*o - 195 = 0. What is the tens digit of o?
9
What is the tens digit of 13 + -7 - -566 - 1?
7
What is the tens digit of (-14 - -9 - -2)*73/(-3)?
7
Let v(o) = 163*o**2 - 24*o - 104. What is the tens digit of v(-4)?
0
Suppose -264 = 5*g - 969. Let c = g + -76. What is the tens digit of c?
6
Suppose -3*k + 5*k + 4*m + 80 = 0, 2*k = -3*m - 84. Let p = 46 - k. What is the tens digit of p?
9
Suppose -3*t - 2*c = -22, -3*c + 3 = -12. Suppose 8 = 3*h + 2*h + t*v, v - 2 = -3*h. Suppose h = 2*w - 3 - 47. What is the tens digit of w?
2
Suppose -4*j - s + 6509 = 0, -j + 23*s + 1625 = 21*s. What is the hundreds digit of j?
6
Let v = -12 - 16. Let j = 216 - v. What is the tens digit of j?
4
Suppose 6*f - 2*j = f + 984, 0 = -4*f + 3*j + 783. Suppose 6*s = -0*s + f. What is the tens digit of s?
3
Suppose -8*c + 3*c - 1675 = -5*o, -4*o + 2*c + 1332 = 0. What is the tens digit of o?
3
Let a be 6*(-10)/(-45)*24. Suppose 3*b = -38 + 8. Let n = a + b. What is the units digit of n?
2
Let o(n) = n**2 - 4*n + 1. Let k be o(5). What is the tens digit of (-3)/(-9) - (-388)/k?
6
Let y be (-4)/((-1)/262*2*1). Suppose k + g - 141 = 0, -2*k - 4*g - y = -6*k. What is the tens digit of k?
3
Let d = 938 + -496. What is the tens digit of d?
4
Let o be -63 + (-1 - 1 - 1). Let m = -39 - o. What is the tens digit of m?
2
Let h be -21 + (2 + 1/(-1) - 2). Suppose -k - 267 = -3*j, -6*j - 5*k = -j - 425. Let f = j + h. What is the tens digit of f?
6
Suppose -4*o = -o + 219. Let p = 40 + o. Let c = p - -55. What is the units digit of c?
2
Suppose -64*q + 17224 = -56*q. What is the hundreds digit of q?
1
Suppose 10 = 3*b + 2*b. What is the tens digit of (1 - b) + (0 - -66)?
6
Let x(c) = c - 23. Let b be x(-7). Let m = b + 54. What is the units digit of m?
4
Let y = 177 - -28. Let a = y - 136. What is the units digit of a?
9
Let q(o) = o**3 - 2*o**2 - 6*o - 6. Let k be q(8). Suppose 5*b - 540 - k = 0. What is the tens digit of b?
7
Let o(f) = 3*f**2 - 3*f - 9. Let x(m) = -m**3 - 8*m**2 + 7*m - 13. Let k be x(-9). What is the units digit of o(k)?
1
Let x be 18/8 - 27/(-36). Let t = x + -1. Suppose t*a = g + 89, a = -2*a - 2*g + 130. What is the tens digit of a?
4
Let g(q) = -q**2 - 10*q - 4. Let r be g(-6). Suppose -r = -2*u - 2*u, 3*u = -2*n + 39. What is the units digit of n?
2
Let j = -1193 + 2387. What is the units digit of j?
4
Let d = -93 - -51. Let z = d + 73. Let n = z + -19. What is the units digit of n?
2
Suppose -3*s = 2*a - 160 - 414, s = -2*a + 578. What is the units digit of a?
0
Let r(s) be the second derivative of 5*s**4/6 - s**3/6 - s**2 + 7*s. Let u be r(2). Let d = u - 16. What is the units digit of d?
0
Let g = 221 + -119. What is the tens digit of g?
0
Suppose 11*a - 90 = 5*a. Suppose -3*h + 97 = g, 3*g + g + a = h. What is the tens digit of h?
3
Suppose 0 = -a - 2*w + 16, 10 = 5*a - 2*w - 2*w. Suppose -a*x = -214 - 278. What is the units digit of x?
2
Let o = 40 - 39. What is the tens digit of 3*1 - (o - 11)?
1
Suppose 3*r = 6*r - 2541. What is the tens digit of r?
4
Let l be ((-2)/(-4))/((-2)/(-64)). Let p = 234 - 246. Let n = l + p. What is the units digit of n?
4
Suppose 5*b + 3*v + 1594 = 8609, -v = 0. What is the thousands digit of b?
1
Let a be 1 + (-4 - 0) + 5. What is the tens digit of (-26)/(1/(-4)*a)?
5
Let x = 3426 + -1818. What is the thousands digit of x?
1
What is the tens digit of (-27196)/(-10) + (-1)/(30/(-12))?
2
Let l = -46 + 90. Let b be 39/2 - 22/l. Suppose -5*y + 16 = -b. What is the units digit of y?
7
Let v(c) = -6*c**3 - 5*c**2 - 4*c + 3. Let i(x) = 3*x**3 + 3*x**2 + 2*x - 1. Let y(n) = -5*i(n) - 3*v(n). What is the units digit of y(3)?
3
Let q(k) = -3*k**2 - 1 + 4*k**2 - k**3 - 8*k**2 - 10*k. Let b be -5 + -1 - (-1 + 1). What is the units digit of q(b)?
3
Suppose 5*w = -3*o + 1557, -4*o + 0*o + 2062 = 2*w. Suppose 5*u = o - 44. What is the units digit of u?
4
Let a be (0 - 1 - -1) + 1. Let o = -561 + 610. Let s = o + a. What is the units digit of s?
0
What is the tens digit of -8*(-2 - (-75)/(-20))?
4
Let l = -644 - -969. What is the tens digit of l?
2
Suppose -4*q + 27 = 11. Suppose -108 = -4*a + q*w - 3*w, 8 = -2*w. Let o = -15 + a. What is the tens digit of o?
1
Suppose 0 = -2*l - z + 7325, 68*z - 63*z + 14657 = 4*l. What is the units digit of l?
3
Let i = 310 + -175. Let z = -75 + i. What is the tens digit of (16/40)/(2/z)?
1
Suppose t - 4*y + 13 = 0, -y + 5 = -5*t + 4*y. Suppose 15*k - 3096 = -t*k. What is the tens digit of k?
7
Suppose -52 + 14 = 3*i - 2*d, i + 17 = 5*d. Let v = 7 - i. What is the units digit of v?
9
Let d = 45 + -31. Let v = d - 12. What is the units digit of v?
2
Let i be -6*(-2)/(6 - 2). Let v be (-4)/10 - (-513)/95. Suppose k + 124 = v*q - i*k, k = -3*q + 71. What is the tens digit of q?
2
What is the tens digit of 80/12*(-16014)/(-85)?
5
Let m be 1/(2*(-3)/(-12)). Let u be m/(-5) - (-6)/(-10). What is the tens digit of 0 + (-25*1)/u?
2
What is the tens digit of (-108)/(-1026) - (-3)/((-171)/(-303234))?
2
Suppose -5*g = 5*l - 6*l - 375, -2*g - l + 150 = 0. What is the units digit of g?
5
Let p = -22 + 19. Let r be p + (0 - 3 - -23). Suppose -76 = -21*k + r*k. What is the units digit of k?
9
Let g = 0 - -8. Let f = 11 + g. Let l = f - -10. What is the units digit of l?
9
Let k = -7 - -11. Let p(a) = -a**3 - 2*a**2 + 3*a**2 + 7 - 2*a - 2 + 5*a**2. What is the units digit of p(k)?
9
Let z(i) be the first derivative of -i**6/360 - i**5/12 + i**4/12 - 2*i**3/3 - 3. Let u(w) be the third derivative of z(w). What is the units digit of u(-10)?
2
Let o(t) = t**3 + 6*t**2 - 2*t 